 + 2. Let j(n) = 2*n - 16. Suppose -9 = 5*b + 16. Let g(r) = b*s(r) - j(r). Give g(2).
-8
Let m(r) be the first derivative of r**4/4 + 5*r**3 + 13*r**2/2 - 7*r - 590. Let x be (51/15 + -3)/(1/(-35)). Determine m(x).
7
Let o = 27 + -8. Suppose 6*q = o*q - 78. Let k(x) = -2*x**2 + 10*x + 5. Give k(q).
-7
Let v be (-54)/(-459)*-17 + (7 - 0). Let t(d) = -d**2 + d - 3. Give t(v).
-23
Let b(j) be the first derivative of j**4/12 + 11*j**3/6 + 13*j**2/2 - 142*j + 199. Let c(l) be the first derivative of b(l). What is c(-12)?
25
Let c(q) = 29*q - 11. Let u = -160 - -152. Let n(b) = -10*b + 4. Let d(h) = u*n(h) - 3*c(h). Suppose 2 = 5*r - 3. Give d(r).
-6
Let p(l) be the first derivative of l**4/24 + 7*l**3/3 - 3*l**2 - 115. Let v(x) be the second derivative of p(x). Calculate v(0).
14
Let x(s) be the first derivative of 1/3*s**3 + 73 - 7/2*s**2 - 8*s. What is x(8)?
0
Let r(u) = 0*u**3 - 4*u - 3*u**2 - 2*u**3 - 3*u**2 + u**3. Let v be r(-5). Let b(a) = -124 + 43 + 44 + 44 - a**2 + 2*a**2 + 8*a. Determine b(v).
-8
Let r(i) = -1 - 4 + 4 + 0. Let t(s) = -s - 2. Let d(j) = 2*r(j) + t(j). Suppose 0 = -4*u + h - 21, 2*u + 5 = 4*h - 9. Calculate d(u).
1
Let s(y) = -y**3 + 6*y**2 - 6*y + 7. Suppose 3*m = -4*u - 130 + 588, 3*m = 4*u + 418. Suppose 0 = 7*b + m - 608. Let z = -61 + b. Determine s(z).
2
Let c = 37 - 27. Let p(q) = q**2 - 13*q - 4. Let w be p(c). Let x = 38 + w. Let l(k) = -2*k + 5. What is l(x)?
-3
Suppose 17*l - 21*l = -3*f + 26, 0 = 4*f + 4*l + 12. Let y(a) = -f - 138*a + 133*a + 4. What is y(2)?
-8
Let t(m) be the third derivative of m**5/60 + m**4/2 - 3*m**3/2 + 742*m**2. What is t(-10)?
-29
Let x(f) = 81*f + 2836. Let w be x(-35). Let h(y) = 41*y - 33. Give h(w).
8
Let r(q) be the third derivative of 9*q**2 - 1/12*q**4 + 1/15*q**5 + 1/120*q**6 + 0*q - 1/3*q**3 + 0. Let i be (-1 - -3 - 0)/(172/(-344)). Calculate r(i).
6
Let z = 5 - 3. Let a(s) be the third derivative of 3*s**5/40 - s**4/8 - 23*s**3/6 - 29*s**2. Let v(f) be the first derivative of a(f). Give v(z).
15
Suppose -3*x - 7579 = -5*f, 1963 = 3*f + 4*x - 2567. Let o(a) = 1534*a - 2*a**3 + 15 + 3*a**3 - f*a - 22*a**2. Calculate o(21).
-6
Let j(n) = 5*n**3 - 12*n**2 + 65*n - 118. Let p(h) = 7*h**3 - 16*h**2 + 91*h - 166. Let d(o) = 17*j(o) - 12*p(o). Let y = 12 - 1. What is d(y)?
8
Let d(j) = j**2 + 27*j - 950. Let g be d(20). Let y(o) = o**3 + 10*o**2 + 11*o + 39. Calculate y(g).
-71
Let a = 195 + -158. Let g(w) = a*w**2 - 5*w**2 - 13*w**2 - 12*w**2 - 1. Determine g(-1).
6
Let k = -68655 - -68652. Let y(u) = -u**2. Let n(t) = -2*t**2 + 3*t - 4. Let o(z) = -n(z) + 3*y(z). Give o(k).
4
Let w(k) = -k**2 + 4*k - 6. Let c(o) = -27*o**3 - o**2 - 3*o - 3. Let i be c(-2). Let t be 8/(-3 - (-650)/i). Let z be (-2)/(-9) + t/72. Determine w(z).
-11
Let q(a) = -a**2 - a + 1. Let o(y) = -36*y**3 - 6*y**2 - 3*y + 4. Let w(g) = -o(g) + 4*q(g). Give w(1).
37
Let p be ((-5)/(-2))/((4 + 2)/12). Let z(a) = -4*a + 4*a + p*a - 3 + 4*a**3 - 5*a**2 - 5*a**3. Give z(-6).
3
Let h = -323 + 315. Let j(f) = -5*f - 53. Calculate j(h).
-13
Let p(r) = 140 - 18*r**3 + 28*r**3 - 5*r + 31*r**2 - 11*r**3. Let g be p(31). Let l(y) = y**3 + 16*y**2 + 16*y + 13. Give l(g).
-2
Let c(s) = -s**2 - 14*s - 53. Let f be 140/40*(-84)/49. Calculate c(f).
-5
Let z(l) = 3*l**3 + 12*l**2 + 4*l - 22. Let y be z(-5). Let n = y + 108. Let w(h) = h**3 + 8*h**2 - 10*h - 6. Give w(n).
3
Let r(v) = -985*v**2 - 2*v - 1080*v**2 + 2062*v**2 - v**3. Suppose 4*j + 6 = -2. What is r(j)?
0
Let x(y) = -16*y - 61. Let l be x(-4). Let i(m) = -5*m - 2*m**3 + 7*m**2 + 3*m**3 + m**l - m**3 + 9. Calculate i(-8).
-15
Let p(l) = 6*l**2 + 15*l + 19. Let o be p(-9). Let m(y) = -369*y - 1 + o*y - 8. Let s be (-70)/(-14) + (0 - -2). What is m(s)?
-2
Let x(d) = d**3 + 7*d**2 + d - 7. Let j(r) = -92*r**2 + 275*r - 4. Let q be j(3). Calculate x(q).
-14
Let j = -30 - -22. Let l be -1*3 - (j - -4 - -5). Let s(h) = 2*h**2 + 23 - 18 + h**3 + 2*h**2. Give s(l).
5
Let q(g) be the third derivative of g**8/2240 + g**7/630 + g**6/240 - 9*g**4/8 - g**3/3 + 197*g**2. Let m(p) be the second derivative of q(p). What is m(-2)?
-14
Let l(y) = y**3 - 14*y**2 - 17*y + 33. Let c be l(15). Let j(r) = -4*r - 5*r**2 - r + r**c - 2470 + 2462. Determine j(6).
-2
Let l(g) = -g**3 - 6*g**2 - 2*g + 3. Let o(c) be the second derivative of 3*c**3/2 + 59*c**2/2 - 48*c. Let s be o(-7). What is l(s)?
-21
Let s = 10502 + -10491. Let x(r) be the first derivative of s + 3*r - 3/2*r**2 + 2*r**3. What is x(2)?
21
Let f(c) = -4*c - 8. Let a = 180 + -177. Suppose -3*o - h - 14 = 0, a*o - 6 = 6*o + 3*h. Give f(o).
16
Let a(k) = 10*k - 1. Let h(l) = -292*l - 428. Let f(w) = -18*a(w) - h(w). Give f(-4).
-2
Let r(o) be the first derivative of -1/3*o**3 - 132 - 1/4*o**4 - o + o**2. Determine r(1).
-1
Let w(i) be the first derivative of 136 - 1/2*i**2 + 7*i. Calculate w(-6).
13
Let q(a) be the third derivative of 7*a**6/720 - a**5/60 - a**4/24 + 17*a**3/6 - 3*a**2 + 29. Let p(l) be the second derivative of q(l). Determine p(4).
26
Let i(f) = -f + 8. Let l = -10826 + 10849. What is i(l)?
-15
Let a(h) = -h + 12. Let q = 219 + -203. Suppose 2*z - 2*y - q = 0, -4*z + 6 = -2*y - 26. What is a(z)?
4
Let p(d) = d**3 - d**2 - 25*d + 26. Let i be p(5). Let v(x) = -10*x**3 - 5*x + 4. What is v(i)?
-11
Let r(p) be the second derivative of p**6/180 - p**5/20 + 11*p**4/12 + 8*p. Let y(q) be the third derivative of r(q). Give y(8).
26
Let k(y) = -y - 3*y - 2 + 2*y + 5*y. Let f(b) = -5*b + 3. Let d(p) = -2*f(p) - 5*k(p). Suppose 14*r + 15 = 19*r. Determine d(r).
-11
Let p(s) = 4. Let u be 21/5 + ((-2)/10 - -1). Suppose -8 = -3*z - a, -2*z + 36 = 2*z - u*a. Let f(t) = -t - 12. Let i(v) = z*f(v) + 11*p(v). What is i(3)?
-16
Let s = -129 - -134. Let y(x) = -14*x - 4 + x + s + 5 - 2 + 3*x**2. Determine y(4).
0
Let q(n) = n**3 - 7*n**2 - 9*n + 3. Let j(a) = 12 + a + 4*a + 1 - 6*a. Let l be j(5). What is q(l)?
-5
Let z(x) be the first derivative of x**3 + 3*x**2 + 9*x - 1227. Calculate z(4).
81
Let j be 1/(-6) + (-5 - (-1295)/210). Let x(z) = -47*z + 2. What is x(j)?
-45
Let m = 17 - 13. Suppose -7*i = -11*i + m. Let j(n) = -27*n + 11*n + 52 - 51. Determine j(i).
-15
Let p = -7377 - -7354. Let c(y) = -y**2 - 27*y - 30. Calculate c(p).
62
Let u(l) = -l + 0*l + 3 - 7*l**3 - 986*l**2 + 9*l**3 - 11 + 984*l**2. Determine u(0).
-8
Let k(b) = -b**2 + 5*b + 20. Let f be 1/(-3) - 368/(-69). Suppose 4*c = 3*r - f, -8 = 5*c - 7*c. Calculate k(r).
6
Let u(w) = w - 3. Let p(y) = -y + 8. Let l(r) = -p(r) - 3*u(r). Suppose 5*d - 20 = -2*f, -4*d - 5*f + 4 = -f. Suppose 4*z - 18 + d = 0. Calculate l(z).
-5
Suppose 494 + 304 = -133*l. Let x(p) = 3*p + p**3 - 2*p**3 - 10*p**2 + 4*p**2 - 6. Calculate x(l).
-24
Let p(x) = -x - 1. Let f be p(-5). Let k = -4 + f. Let v(m) be the first derivative of m**2/2 + 7*m - 2255. Give v(k).
7
Let h(p) = -p**3 + 18*p**2 + 17*p - 58. Let o be h(20). Let v = o - -520. Let f(n) = 3*n**3 - 2 - 2*n**3 + 2*n - n**2 - 1. Determine f(v).
5
Let z be 0 + (-4)/(4/3). Let u(m) = -3*m + 4*m + 5*m - 622 + 621. What is u(z)?
-19
Suppose -q + 26 = 3*c + 3, 5*c - 65 = 5*q. Let b(w) = 9*w + 10 - 18*w + 8*w. Give b(c).
1
Let w(t) = 0 + 2*t - 7 + 10 - 4. Let d(s) = 3*s - 4. Let x(j) = d(j) - w(j). Let b be -1 + 9 + 2 + -1. Determine x(b).
6
Let k(h) = 2*h**2 + 20*h - 15. Let s(v) = v**2 + 10*v - 7. Let n(q) = -3*k(q) + 7*s(q). Let t = 360 - 370. Calculate n(t).
-4
Let m(u) = -27*u + 46. Let g(p) = 30*p - 43. Let d(j) = -6*g(j) - 7*m(j). Determine d(6).
-10
Let c(m) = -16*m**3 - 9*m**2 + m - 60. Let p(x) = 3*x**3 + 2*x**2 + 11. Let v(h) = 2*c(h) + 11*p(h). Suppose 0 = -2*d + l - 6, d - 2*l = -0*d. What is v(d)?
-7
Suppose 10 = 5*u, -5*u + 59 = -z - 2*u. Let k = 46 + z. Let m(p) = p**3 + 8*p**2 + 7*p + 2. What is m(k)?
2
Let l(q) = 2*q**3 - 2*q**2 - 6*q + 13. Let f be l(3). Let r(u) = 593 + 2*u - f*u**3 + 596 - 1190. Calculate r(1).
-30
Let q be (3 - 3) + -1 - -4. Let x(b) = -9*b + q + 8*b + 2*b. What is x(-10)?
-7
Let x(p) = -491 + 998 - p - 477. What is x(34)?
-4
Let b(t) be the first derivative of 5*t**4/4 + t**3/3 - 3*t**2/2 - 2*t - 276. Give b(-2).
-32
Let f(a) = -2*a**2 - 1. Let c(u) = -5*u**3 + 84*u**2 + 321*u - 18. Let y be c(20). What is f(y)?
-9
Let r(p) = -p**2 + 7*p - 1. Let a be r(7). Let b(k) = -k + 29. Let y(z) = 1